65)/15?
2, 17
Let c(o) = -35*o**2 - 4*o + 27. Let w(m) = 12*m**2 + m - 9. Let f(d) = 4*c(d) + 14*w(d). What are the prime factors of f(-5)?
2, 173
Suppose t + 4*j - 12 + 20 = 0, 6 = 3*t + 2*j. Suppose -5*b = t*h - 3678, 0*b - h = -b + 732. List the prime factors of b.
2, 367
Let a(w) = 2*w**2 + 12*w - 29. Let l be a(-8). Suppose 2*m - 326 = -l*p, 0 = 17*m - 12*m - 20. What are the prime factors of p?
2, 53
Let d(l) = 309*l**2 + 166*l + 1280. List the prime factors of d(-8).
2, 3, 137
What are the prime factors of (47 + -44)/((-2)/1052*(-2)/3)?
3, 263
Let d(g) = -74*g**3 + 17*g**2 - 70*g - 637. List the prime factors of d(-7).
2, 7, 19
Let o = 87 - 82. Suppose -k + 2 = 0, -12*t + 9*t + o*k + 1661 = 0. List the prime factors of t.
557
Let h be (-28)/(-98) + -2 + (-13842)/(-14). Suppose 24*c - 15747 = -h. What are the prime factors of c?
3, 5, 41
Let w(v) = v**2 - v - 2. Let f be 0/(-2 - (-2)/2). Let s be w(f). What are the prime factors of (s/(-1 + -5))/(1/87)?
29
Let u be 4/(-14) - (-21850)/35. Suppose 4*g + 4*n - u = 0, -624 = -4*g + 7*n - 4*n. List the prime factors of g.
2, 3, 13
Let y = 888 - -328. What are the prime factors of y?
2, 19
List the prime factors of (12/9)/(1/3) - -8305.
7, 1187
Suppose 36*u - 1045804 + 138172 = 0. List the prime factors of u.
2, 3, 11, 191
Suppose 0 = 4*s - 66*y + 72*y - 110996, -110988 = -4*s - 2*y. List the prime factors of s.
2, 13873
Suppose -12*y - 382 = -14*y. Suppose -3*u - y = -s, 18*u - 20*u - 398 = -2*s. List the prime factors of s.
7, 29
List the prime factors of -2323169*(-192)/9248 + 1/(34/4).
2, 6029
Let b = 3035 + -195. Suppose 0 = 47*w - 43*w - b. What are the prime factors of w?
2, 5, 71
Suppose 3*d + 38 = -h + 2*h, 0 = -2*d. Suppose 36*t - h*t = 0. Suppose -b - b + 172 = t. List the prime factors of b.
2, 43
Let f(v) be the first derivative of -57*v**2/2 - v + 3. Let k(a) = a**3 + 3*a**2 + a + 2. Let n be k(-3). List the prime factors of f(n).
2, 7
Let c = -325 + 325. Suppose 416*l - 419*l + 1158 = c. List the prime factors of l.
2, 193
Suppose -5*s + m + 5 = 0, -3*s + 5*m - 3*m + 10 = 0. Let r = 274 + -23. Suppose 3*y - 4*w - r = s, w + 4*w = -3*y + 260. What are the prime factors of y?
5, 17
Let d(m) = -m**3 + 11*m**2 - 7*m - 4. Let h be d(7). Suppose 2*c + 104 = 2*l, 159 + 57 = -4*c + 2*l. Let f = c + h. What are the prime factors of f?
3, 29
Suppose 7*l - 732 = -25. Suppose -7683 = -l*p + 88*p. List the prime factors of p.
3, 197
Let k(v) = 15435*v - 397. List the prime factors of k(2).
31, 983
Let s(j) = j**3 - 7*j**2 - 8*j + 4. Let a be s(8). Let f be (-1)/(-1)*-10*(a - -1). Let u = f + 90. List the prime factors of u.
2, 5
Let f(a) = -208*a + 22. Let w be f(-6). Suppose 0 = 19*u - 24*u + w. What are the prime factors of u - 10/15*(-6)/(-4)?
11, 23
Suppose -f - 8*f + 63 = 0. Let w(u) = -u. Let l(g) = -4*g - 2. Let n(q) = 2*l(q) - 14*w(q). List the prime factors of n(f).
2, 19
Suppose -5*f - 15 = 0, 115*n + 25710 = 117*n - 4*f. List the prime factors of n.
3, 4283
Let u be ((-2724)/9)/(3 - (-37)/(-12)). Suppose 6*i - u = i + 3*r, 5*i = -4*r + 3639. Let m = -509 + i. List the prime factors of m.
2, 109
Let i(m) = -1. Let u(c) = -2*c - 3. Let a(v) = 30*i(v) - 6*u(v). Let x be a(5). Suppose d - x = -2. List the prime factors of d.
2, 23
Suppose -3*q + 3*s + 414 = 0, 4*q + s + 4*s - 579 = 0. Let z = q - -1467. List the prime factors of z.
2, 3, 67
Suppose -3*d + 37 = 5*j, -d - j + 11 = -0*d. Let l be 490376/(-72) + -9 - 2/d. What are the prime factors of (-4)/7 - l/28?
3
Suppose -4*y = -3*t - 2 - 15, -5*y + 25 = 0. What are the prime factors of (t - 1) + 4*(-206)/(-4)?
2, 103
Let t = 41 + -41. Suppose -15 = -5*b + n - 2*n, -b + 2*n + 3 = t. Let a(c) = 27*c - 9. What are the prime factors of a(b)?
2, 3
Let p(d) = 39*d**2 + 134 - 40 - 46 + d - 37. List the prime factors of p(-4).
631
Let b = -76 + 81. Suppose s = -5*u + 672, b*u + s - 404 = 2*u. What are the prime factors of u?
2, 67
Let l(g) = g**3 + 6*g**2 - 11*g - 36. Let b be l(-7). Let t(k) = -3*k**3 - 13*k**2 + 17*k + 25. What are the prime factors of t(b)?
593
Let m(t) = -1754*t + 113. What are the prime factors of m(-4)?
7129
Suppose -8517 = -23*f + 7468. Suppose -f*h + 692*h = -1455. List the prime factors of h.
5, 97
Suppose -1404 = 39*g - 30*g. List the prime factors of (-1004)/(-6) + g/(-234).
2, 3, 7
Suppose -6*u - 60 = 180. What are the prime factors of -3 + 8/u*-2495?
2, 31
Suppose 35255 = 3*v + y, 99*v = 94*v + 2*y + 58729. List the prime factors of v.
31, 379
Let v(g) = -4*g**2 - 9*g + 29. Let p be v(-7). Let n be (2 - 1) + 1*157. Let k = n + p. What are the prime factors of k?
2, 3
What are the prime factors of 7633 + 5/(-6)*(24 + -18)?
2, 1907
Let i(b) = -93*b - 82. Let l be 1 + (6 + -19 - -6). List the prime factors of i(l).
2, 7, 17
Suppose -2*x + 4*g = -4*x + 2622, -3*g = 3*x - 3927. Suppose 3*y - 843 = -2*l, 3*l - 9*y = -5*y + x. What are the prime factors of l?
3, 11, 13
Let b(x) = -89*x**3 + 12*x**2 + 27*x + 38. List the prime factors of b(-6).
2, 19, 257
Let s = -79 + 82. List the prime factors of (-9)/3 - (-258)/(-1 + s).
2, 3, 7
Suppose -24 = -0*y - 6*y. Suppose -3*o = -v - 0*o + 18, 5*v - y*o = 57. Suppose 10*d - 214 = v*d. List the prime factors of d.
2, 107
Let o(k) = -k**2 + 9*k - 7. Suppose -3*q - 4*r + 146 = -5*r, 0 = -3*q - r + 142. Let x = q - 43. List the prime factors of o(x).
13
Suppose 26*x + 11089 = 28*x - 5*y, -4*x = y - 22233. What are the prime factors of x?
5557
Suppose 0 = -5*x + 8*x + 66. Let j = 27 + x. Suppose 2*m - 4*m - j*c = -104, 3*m - 4*c = 179. List the prime factors of m.
3, 19
List the prime factors of 136/51*23508/16.
2, 3, 653
Suppose 22*h + 415096 = 66*h. What are the prime factors of h?
2, 53, 89
List the prime factors of 2/(-14) + 12*(-646737)/(-196).
2, 19, 521
Let m(s) = -34*s + 61. Let f be m(6). List the prime factors of 39/f + (-19950)/(-66).
2, 151
Let v(o) = 17*o**3 + 17*o**2 - 19*o + 6. List the prime factors of v(7).
3, 2179
What are the prime factors of (3 + -3455)/((-23)/38 - (-84)/798)?
2, 863
Suppose 4870590 = 98*z + 467907 - 397357. What are the prime factors of z?
2, 5, 31, 79
Suppose 3*c = -15, n - c - 11 = c. Suppose -l + 2*k = 7*k + n, 4*k = -l. Suppose 4*d = -0*d - l, 0 = -4*y - 4*d + 336. What are the prime factors of y?
5, 17
Let r(t) = -t**2 + 21*t + 7. Let c(l) = -l**3 - 9*l**2 - 6*l + 13. Let h be c(-8). Let a be -4 - (h - -103)/(-5). What are the prime factors of r(a)?
3, 29
Let y = -14771 - -22940. List the prime factors of y.
3, 7, 389
Suppose 0 = 3*f - 6 - 6. Let r = -1 + f. Suppose 4*t + 42 = h, 2*h - r*h = -3*t - 46. List the prime factors of h.
2, 29
Suppose -f - 2*o - 10 = -0*o, -2*f + 2*o + 4 = 0. Let b(u) = 37*u + 158. What are the prime factors of b(f)?
2, 3, 7
Let z(j) = -10*j + 66. Let r be z(10). Let n = 392 + r. What are the prime factors of n?
2, 179
Suppose 81928 = 1095*b - 1073*b. List the prime factors of b.
2, 7, 19
Let w be (-12)/4 - -1035 - (1 + 1). Suppose -w - 822 = -2*u. List the prime factors of u.
2, 463
Let a(j) = 4*j**3 + 22*j**2 - 33*j + 25. List the prime factors of a(13).
2, 3, 2017
Let v = -1358 + 1933. Let x = v - -70. What are the prime factors of x?
3, 5, 43
Let r(f) = -282*f**3 + f**2 - 50*f - 186. What are the prime factors of r(-4)?
2, 3, 23, 131
Suppose 5*r - 122 = -4*c, -c + 3*c = -3*r + 74. Suppose 32*z - 876 = r*z. Suppose -3*f = 5*v - 300, 3*v - f - 4*f - z = 0. List the prime factors of v.
3, 19
Suppose 3*c = -5*r + 3686, r = -0*r + 5*c + 726. Suppose 0 = -14*x + 10*x + r. What are the prime factors of x?
2, 23
Let r(o) be the third derivative of -3*o**5/20 + 5*o**4/12 - 17*o**3/6 + 24*o**2. Let j be r(5). List the prime factors of ((-7)/14)/(2/j).
2, 3
Suppose 11*f - 29 = 15. Let j(k) = -21*k**3 + k**2 + 2*k + 1. Let o be j(-1). What are the prime factors of ((f/2)/(-2))/(o/(-42))?
2
Let s(j) be the first derivative of j**3 + 31*j**2/2 - 65*j + 28. List the prime factors of s(12).
739
Let y be (-2*2)/(44/(-726)). Suppose 4*o - 1759 = y*r - 69*r, -3*r + 433 = o. List the prime factors of o.
2, 13, 17
Let y(i) be the third derivative of 19/6*i**3 + 1/8*i**4 + 0*i - 10*i**2 + 0*i**5 - 1/120*i**6 + 0. What are the prime factors of y(0)?
19
Suppose -68*a + 63*a = -4*f + 91176, -5*a + 45648 = 2*f. List the prime fa